r of 32 and 16?
16
Calculate the greatest common factor of 27 and 3663.
9
What is the greatest common factor of 1432 and 4475?
179
Calculate the highest common divisor of 19 and 3097.
19
What is the highest common factor of 40 and 570?
10
What is the greatest common factor of 54 and 261?
9
What is the greatest common divisor of 90 and 1215?
45
Calculate the greatest common factor of 2422 and 7.
7
What is the greatest common divisor of 703 and 1501?
19
What is the greatest common factor of 125 and 5?
5
What is the highest common factor of 25 and 25?
25
Calculate the greatest common divisor of 497 and 852.
71
Calculate the highest common factor of 11229 and 197.
197
Calculate the greatest common factor of 17 and 3961.
17
What is the greatest common factor of 72 and 664?
8
Calculate the highest common factor of 66 and 222.
6
What is the greatest common factor of 1840 and 640?
80
Calculate the highest common factor of 12 and 996.
12
Calculate the highest common divisor of 3042 and 18.
18
What is the highest common factor of 230 and 10?
10
What is the highest common divisor of 155 and 20?
5
Calculate the highest common factor of 767 and 177.
59
Calculate the highest common divisor of 18 and 1974.
6
What is the greatest common divisor of 70 and 126?
14
Calculate the greatest common divisor of 81 and 10773.
81
What is the highest common factor of 2454 and 12?
6
What is the highest common divisor of 22 and 517?
11
Calculate the highest common factor of 66 and 1617.
33
What is the highest common divisor of 20 and 1580?
20
Calculate the greatest common divisor of 29187 and 138.
69
Calculate the highest common divisor of 4320 and 60.
60
What is the highest common divisor of 18 and 10?
2
What is the greatest common divisor of 88 and 2200?
88
Calculate the highest common factor of 74 and 1258.
74
What is the highest common divisor of 168 and 1260?
84
Calculate the greatest common factor of 5420 and 40.
20
What is the greatest common factor of 117 and 221?
13
Calculate the highest common factor of 10017 and 1484.
371
What is the highest common factor of 540 and 6?
6
Calculate the greatest common divisor of 7065 and 25.
5
Calculate the greatest common factor of 116 and 6583.
29
Calculate the highest common factor of 144 and 45.
9
Calculate the highest common divisor of 16 and 1840.
16
What is the greatest common divisor of 874 and 19?
19
What is the highest common factor of 950 and 100?
50
Calculate the highest common divisor of 54 and 198.
18
What is the greatest common divisor of 119 and 68?
17
Calculate the greatest common divisor of 7111 and 91.
13
Calculate the highest common divisor of 18 and 1098.
18
Calculate the greatest common divisor of 70 and 7924.
14
What is the greatest common factor of 108 and 243?
27
What is the highest common divisor of 9 and 1359?
9
What is the greatest common divisor of 4081 and 693?
77
Calculate the greatest common divisor of 36 and 117.
9
Calculate the highest common factor of 368 and 230.
46
What is the highest common factor of 188 and 3995?
47
What is the highest common divisor of 665 and 1015?
35
Calculate the greatest common factor of 34 and 2227.
17
Calculate the highest common factor of 63 and 441.
63
What is the highest common divisor of 1476 and 7626?
246
Calculate the greatest common factor of 350 and 150.
50
What is the greatest common divisor of 2667 and 8763?
381
Calculate the greatest common factor of 19 and 304.
19
Calculate the highest common factor of 121 and 110.
11
What is the greatest common factor of 4 and 406?
2
Calculate the highest common factor of 19 and 589.
19
What is the greatest common factor of 350 and 252?
14
What is the highest common factor of 192 and 168?
24
Calculate the greatest common factor of 609 and 231.
21
What is the highest common divisor of 340 and 12308?
68
Calculate the greatest common factor of 32 and 13304.
8
What is the highest common divisor of 207 and 1035?
207
Calculate the highest common divisor of 221 and 208.
13
Calculate the greatest common factor of 328 and 4.
4
Calculate the highest common divisor of 3729 and 209.
11
Calculate the greatest common factor of 50 and 375.
25
What is the highest common divisor of 4 and 1132?
4
Calculate the greatest common divisor of 1900 and 76.
76
Calculate the highest common factor of 62813 and 23.
23
Calculate the greatest common factor of 21783 and 318.
159
What is the greatest common divisor of 1115 and 669?
223
Calculate the highest common factor of 354 and 295.
59
What is the highest common divisor of 2002 and 14?
14
Calculate the highest common divisor of 790 and 110.
10
Calculate the highest common factor of 26 and 1898.
26
What is the greatest common factor of 41 and 5617?
41
What is the highest common divisor of 111 and 185?
37
Calculate the greatest common divisor of 77 and 10934.
77
What is the highest common factor of 231 and 1232?
77
Calculate the greatest common divisor of 16 and 216.
8
Calculate the greatest common divisor of 9 and 183.
3
Calculate the greatest common divisor of 188 and 282.
94
What is the greatest common factor of 2266 and 44?
22
What is the greatest common divisor of 405 and 45?
45
What is the highest common divisor of 9 and 1143?
9
What is the greatest common factor of 105 and 30?
15
Calculate the greatest common divisor of 85 and 34.
17
What is the highest common divisor of 16470 and 10?
10
Calculate the highest common factor of 19208 and 49.
49
What is the highest common factor of 6430 and 90?
10
Calculate the highest common factor of 402 and 30.
6
What is the greatest common divisor of 576 and 1872?
144
Calculate the highest common factor of 5 and 10015.
5
What is the highest common factor of 110 and 2431?
11
Calculate the highest common factor of 1078 and 3388.
154
Calculate the highest common divisor of 5629 and 26.
13
What is the highest common divisor of 188 and 52?
4
Calculate the greatest common factor of 290 and 464.
58
What is the highest common factor of 32634 and 148?
74
Calculate the highest common divisor of 1160 and 80.
40
Calculate the highest common divisor of 14640 and 480.
240
What is the greatest common divisor of 500 and 1900?
100
What is the greatest common factor of 7 and 3?
1
Calculate the highest common factor of 6 and 696.
6
Calculate the greatest common divisor of 68 and 30124.
68
Calculate the greatest common divisor of 11216 and 16.
16
Calculate the greatest common factor of 2987 and 206.
103
Calculate the highest common factor of 90 and 1215.
45
What is the highest common factor of 148 and 244?
4
What is the greatest common divisor of 8 and 128?
8
Calculate the greatest common divisor of 174 and 12093.
87
What is the greatest common divisor of 40865 and 220?
55
Calculate the greatest common factor of 15047 and 41.
41
What is the greatest common factor of 88 and 154?
22
Calculate the highest common factor of 54087 and 363.
363
What is the highest common divisor of 132 and 24?
12
Calculate the highest common factor of 189 and 27.
27
Calculate the greatest common divisor of 1 and 937.
1
What is the greatest common factor of 60 and 450?
30
What is the highest common factor of 6 and 206?
2
What is the highest common factor of 42 and 1043?
7
Calculate the greatest common divisor of 498 and 5146.
166
Calculate the highest common divisor of 944 and 3186.
118
What is the greatest common factor of 304 and 38?
38
Calculate the greatest common divisor of 48 and 14220.
12
What is the highest common divisor of 1780 and 10?
10
What is the highest common divisor of 9 and 2361?
3
Calculate the greatest common divisor of 186 and 496.
62
Calculate the highest common divisor of 22 and 1738.
22
Calculate the greatest common factor of 943 and 23.
23
What is the greatest common divisor of 1355 and 5?
5
What is the highest common divisor of 4 and 634?
2
What is the greatest common divisor of 945 and 1113?
21
What is the greatest common divisor of 730 and 530?
10
Calculate the highest common factor of 528 and 110.
22
What is the highest common divisor of 112 and 24?
8
Calculate the greatest common factor of 384 and 84.
12
Calculate the highest common factor of 124 and 1084.
4
What is the greatest common divisor of 47 and 3?
1
Calculate the highest common divisor of 529 and 46.
23
What is 